 132, 0 = -f + 5*n + 7 + 20. Let x be 1/(f/14 + 88/(-30)). Suppose 0 = -g - 5, -5*d + 30 = 3*g - x. List the prime factors of d.
2, 3
Let c be -3*(-4)/(-30)*(-1 + -19). Suppose c*b + 18*b - 15392 = 0. What are the prime factors of b?
2, 37
Suppose 58*t + 68128 = 74*t. What are the prime factors of t?
2, 2129
What are the prime factors of 2812992/210 - 14/(-5)?
2, 3, 7, 11, 29
Let y(w) = -6*w + 387. List the prime factors of y(8).
3, 113
Suppose 3*q - 2159*d + 2160*d = 139864, -2*d + 46613 = q. List the prime factors of q.
3, 15541
What are the prime factors of (-12)/(39/520*10*(-1)/882)?
2, 3, 7
Let u(p) = 2*p - 3*p + 17 - 2*p + 6*p. Let h be u(-4). Suppose 119 = -h*f + 504. What are the prime factors of f?
7, 11
Suppose 44*w + 1011 = 47*w. Let u = -163 + w. Let l = 280 - u. List the prime factors of l.
2, 53
What are the prime factors of 6/8 + (-1161)/(-4) + 32 + -33?
2, 5, 29
Suppose 6 = -p + 3*k + 4, -p = -k. List the prime factors of 1495 + 82 - p*5.
2, 3, 131
Let d = 21632 + -6721. What are the prime factors of d?
13, 31, 37
Let w(j) = -2*j**2 + 32*j + 15. Let a be w(16). Suppose 0 = 7*s - 4*s - a. List the prime factors of 1/s*5 + 116.
3, 13
Suppose 0*w - 9094284 = -285*w + 4*w. What are the prime factors of w?
2, 3, 29, 31
Let w be -1 + 14/18 - 3520/(-288). Let v(p) = -19*p + 62. Let x be v(w). Let m = -94 - x. List the prime factors of m.
2, 3
Suppose -3*p - 4*z = -0*z - 306, p - 2*z - 102 = 0. Let u = 102 + p. Suppose u = 5*y - 2*y. List the prime factors of y.
2, 17
Let o be (-8)/68 - (3 + 236/17). What are the prime factors of (1309/187)/(1 - o/(-18))?
2, 3, 7
Suppose -2*z - 4*s + 572 = 2*z, -2*z = -s - 274. Suppose 5*i + z - 1144 = 0. Let j = i - 131. List the prime factors of j.
2, 5, 7
Let t(r) = -r**3 + 11*r**2 - 5*r - 13. Let q be t(6). Let n = q - 46. Suppose -k + 5*f + n = 0, -2*k - f + 172 = 23. List the prime factors of k.
2, 19
Let o(b) = -b**3 + 20*b**2 + 11*b + 20. List the prime factors of o(-16).
2, 3, 5, 151
Suppose -q - a + 2785 = 1114, 4*q - 6674 = -2*a. Suppose 4*r - 11*r = -q. List the prime factors of r.
2, 7, 17
Let d(m) = -64*m**3 - 62*m**2 - 24*m + 12. List the prime factors of d(-8).
2, 3, 2417
Suppose 80*i - 467397 - 43643 = 0. What are the prime factors of i?
2, 1597
Suppose -204*s + 199*s + 95 = 0. Suppose -210 = -s*k + 14*k. List the prime factors of k.
2, 3, 7
Let o be (-1)/((4/12)/(4/(-3))). Suppose o*s - 6 = -4*m + 18, -4*m - 3 = -5*s. Suppose -m*u + 7*u - 244 = 0. List the prime factors of u.
61
Let b be (15/6 + -2)*-30. Let k be ((-42)/b)/((-3)/15). List the prime factors of 4/k - 1*(-751)/7.
107
Let z(s) = -s**3 - s**2 - 5*s - 3. Let x be z(-1). Suppose 4*c - d = 24, -x*c - 4*d - 2 = -14. What are the prime factors of c?
2, 3
Let v(i) = -i**3 + 17*i**2 + 17*i + 20. Let l be v(18). Suppose l*u + 5*u = 3150. What are the prime factors of u?
2, 3, 5
Suppose -3*z = -3*j + 2883, 4*j + 4*z - 3*z = 3864. Let r = j - 558. What are the prime factors of r?
11, 37
Suppose -21*t + 64*t = 433569. What are the prime factors of t?
3, 3361
Let j(m) = -m**3 - 18*m**2 + 28*m + 18. Let d be j(-20). Let y = -148 + d. List the prime factors of y.
2, 5, 11
Let x = 49 - 40. Suppose 38 = -x*y + 10*y. Let w = y - -7. What are the prime factors of w?
3, 5
Let l = -215 + 218. Suppose -1997 = -3*x - 5*a, -4*x + l*a - a = -2628. What are the prime factors of x?
659
Suppose -2033 - 153304 = -21*s. Suppose 13*g + 0*g = s. List the prime factors of g.
569
Let m be -185*13/(390/(-36)). Suppose -5890 = m*i - 227*i. List the prime factors of i.
2, 19, 31
Let f = -36040 - -70811. List the prime factors of f.
11, 29, 109
Suppose -3 = -3*k + 3. Let c be k/7 + 776/28. Suppose -2*r = c - 240. What are the prime factors of r?
2, 53
Let z(n) = -n**2 - 20*n - 45. Let v be z(-20). Let j = v + 45. Suppose 5*o - 272 = 4*h + 98, -2*h = j. List the prime factors of o.
2, 37
List the prime factors of ((-85698)/24)/9*-12.
3, 23
Suppose 116*g - 117*g - 3*p + 35592 = 0, 5*g = -4*p + 178037. List the prime factors of g.
3, 1319
Let r(u) = -3*u + 12. Let o be r(3). Suppose 0 = -2*a - 6, -o*m + 335 = 4*a - 850. What are the prime factors of m?
3, 7, 19
Let m(b) = -6772*b**3 - 13*b - 12. What are the prime factors of m(-1)?
13, 521
Let r(v) = v**3 + 12*v**2 - 7*v + 27. Suppose 0 = -d + s + 4, -4*d + 26*s - 31*s = -52. What are the prime factors of r(d)?
3, 139
Suppose -32*p + 7*p = 12*p - 725533. List the prime factors of p.
19609
What are the prime factors of (-190871)/(-7) + 23/((-322)/4)?
3, 61, 149
Let x be (((-75)/4)/(-3))/((-3)/504). Let q = 609 + x. Let k = -224 - q. List the prime factors of k.
7, 31
Let s = -56 - -45. Let c(h) = 2*h**2 + 20*h - 12. Let t be c(s). Let r = 12 - t. List the prime factors of r.
2
Let f(r) = -175*r + 1642. List the prime factors of f(-7).
47, 61
Suppose -57*u = -58*u + 4*z + 5201, 0 = -u - 5*z + 5246. What are the prime factors of u?
23, 227
Let o = -23 + 25. Let l be 2/o + 16/2 + -2. List the prime factors of ((-900)/7)/(-2) + (-2)/l.
2
Let b(k) be the second derivative of -k**4/12 + 65*k**3/6 + 121*k**2/2 - 2*k + 4. What are the prime factors of b(31)?
5, 47
Let a(t) = t**3 + 6*t**2 - 29*t - 59. Let q be a(-9). Let f(u) = -49*u**3 - 2*u - 1. Let m be f(-1). Let c = m + q. What are the prime factors of c?
3
What are the prime factors of 7/(42/(-1296))*(-495)/12?
2, 3, 5, 11
Suppose -12*v + 1974 + 702 = 0. Suppose 12*j - v - 629 = 0. What are the prime factors of j?
71
Let y = 4942 + 3162. What are the prime factors of y?
2, 1013
Let d = -8132 + 13412. List the prime factors of d.
2, 3, 5, 11
Suppose 188*u - 133*u - 126*u + 2348680 = 0. List the prime factors of u.
2, 5, 827
Let a(v) = -v**3 + 3*v**2 + v + 1. Suppose 3*w + 0*w = 9. Let m be a(w). What are the prime factors of 14 + m + 4/(-2)?
2
Let s(y) = 2*y**2 - 10*y + 55. Let z be s(-31). Suppose 7*n = 2*n - 4*o + 3775, -3*n + z = -2*o. What are the prime factors of n?
3, 11, 23
Let m = -264 + 546. What are the prime factors of (-2 + (-63)/(-14))*m/3?
5, 47
Let j(y) = 14*y**2 - 34*y + 204. Let n be j(6). Suppose 17*p - 13*p - 1011 = -v, 2*p = -2*v + n. What are the prime factors of p?
11, 23
Let l = 18 + -16. Let i be ((-33)/4)/(l/176*-2). Suppose -d + i = 2*d. List the prime factors of d.
11
Let n = 942 + 7095. What are the prime factors of n?
3, 19, 47
List the prime factors of 3452 - -39 - (1 + -5).
3, 5, 233
Let z = -851 + 851. Suppose -6 = -3*r - 0. Suppose 352 = 3*i + r*d, 5*d + z*d = 25. What are the prime factors of i?
2, 3, 19
Let y = 61617 + -30497. List the prime factors of y.
2, 5, 389
Let a = 7 + -7. Let q = 75 - a. Let y = q - 18. List the prime factors of y.
3, 19
Let l(j) = j**2 - 59*j - 356. Let o(g) = -20*g - 119. Let h(n) = 3*l(n) - 8*o(n). What are the prime factors of h(-7)?
2, 3, 5
Let b = 50 - 62. Let a be (0 - -2 - 2)*-1 + b. What are the prime factors of ((-150)/40)/(1/a)?
3, 5
Let c = 205 - 131. Let b = -8 + c. Let q = 119 - b. List the prime factors of q.
53
Let b = 184 - 190. Let x(l) = 2*l**2 + 3*l + 34. List the prime factors of x(b).
2, 11
List the prime factors of ((22 - 17) + -8)*(-2529 - 1).
2, 3, 5, 11, 23
Let w(x) = 4*x**3 - 25*x**2 - 13*x + 30. Let q(v) = 5*v**3 - 26*v**2 - 13*v + 31. Let c(s) = -5*q(s) + 6*w(s). List the prime factors of c(-20).
3, 5, 19
Let n be (-1)/(20/48)*20*2. Let x = -146 - n. What are the prime factors of -1*3*(3 + -2) - x?
47
List the prime factors of 1643695/50 - ((-76)/(-40) + -2).
2, 3, 5479
Let f = -233 + 227. What are the prime factors of f/(-2) - 5933/(-17)?
2, 11
Let k = -165 - -161. Let r(n) be the second derivative of -n**5/10 - n**4/3 - 2*n**3/3 + n**2/2 - 7*n. What are the prime factors of r(k)?
3
Let d = -17 - -37. Let b = 25 - d. Suppose -78 = -m + b*h - 0*h, 3*m = -h + 266. What are the prime factors of m?
2, 11
Let g = 64117 - 10952. List the prime factors of g.
5, 7, 31
Let a(s) = -369*s + 8816. List the prime factors of a(-25).
18041
Suppose 276*b - 37064 = 4332511 + 484989. What are the prime factors of b?
3, 11, 13, 41
Let q be (-9)/(189/(-14)) - (-1924)/(-6). Let v = q - -417. What are the prime factors of v?
97
Suppose -9 = 3*a, -4*j + 89 = -0*j + a. Suppose -2*g + 906 = -5*d, -3 = -5*d - j. List the prime factors of g.
443
What are the prime factors of (-4)/62 - 85488135/(-51